 20*s**2 + 840*s + 6677. Calculate f(-9).
8
Let v(w) = 21158*w - 3067917. Determine v(145).
-7
Let s(u) = 3*u**3 - 536*u**2 + 2874*u + 11576. Determine s(173).
-15
Let t(r) = 1570*r + 31418. Give t(-20).
18
Let s(r) = 8216*r**2 - 698361*r + 89. Calculate s(85).
4
Let a(q) = q**2 + 7128*q + 737461. Give a(-105).
46
Let k(q) = -q**2 + 244*q - 13000. Calculate k(79).
35
Let s(l) = -6*l**2 - 139*l + 860. Calculate s(5).
15
Let z(m) = 4*m**2 + 309*m + 4139. Give z(-16).
219
Let j(m) = -22*m + 854. Calculate j(0).
854
Let x(l) = -377*l**2 + 80678*l + 75. Give x(214).
75
Let t(q) = 361*q + 38062. Calculate t(-96).
3406
Let r(l) = l**2 - 12895*l + 128786. Give r(10).
-64
Let q(b) = -120*b**2 - 1201*b - 6. Determine q(-10).
4
Let m(p) = 2*p**3 + 574*p**2 + 14509*p + 134. Determine m(-28).
-6
Let r(v) = -2*v**3 + 138*v**2 + 25*v - 1718. Give r(69).
7
Let n(x) = -21*x**2 + 1627*x + 5977. Determine n(81).
-17
Let r(j) = 3*j**3 + 29*j**2 - 94*j - 429. Calculate r(-10).
411
Let y(z) = 1622*z + 4693. Calculate y(-3).
-173
Let i(u) = 51063*u - 562069. What is i(11)?
-376
Let c(i) = -33003*i - 99002. Determine c(-3).
7
Let n(a) = 75*a**2 - 2114*a - 1. Determine n(29).
1768
Let c(f) = 5*f**3 + 164*f**2 - 288*f + 46. Give c(-35).
-3349
Let i(s) = 1094*s + 93127. Give i(-88).
-3145
Let w(t) = 102*t**2 + 1077*t - 2570. Calculate w(2).
-8
Let f(s) = -568*s**3 - 63*s**2 - 77*s - 71. Determine f(-1).
511
Let j(h) = -h**3 - 34*h**2 + 47*h + 3549. Determine j(-32).
-3
Let r(u) = -53*u - 5611. Give r(-101).
-258
Let o(g) = 122*g**2 - 112602*g - 3690. Determine o(923).
2
Let m(b) = -5*b**3 - 23*b**2 - 761*b - 3850. What is m(-5)?
5
Let p(n) = -63*n**2 + 719*n - 4373. Determine p(6).
-2327
Let q(s) = 2*s**3 - 16*s**2 + 1088*s - 9712. Give q(9).
242
Let t(n) = -4*n**3 - 591*n**2 - 2164*n - 300. Give t(-144).
276
Let v(z) = -43*z + 7207. Determine v(133).
1488
Let i(x) = -589*x + 303357. Give i(517).
-1156
Let b(x) = -x**2 - 819*x + 20231. What is b(24)?
-1
Let y(q) = 2*q**3 + 24*q**2 + 5791*q + 11479. Give y(-2).
-23
Let k(u) = -323*u**2 + 3466*u - 2536. Calculate k(10).
-176
Let r(f) = f**3 - 23*f**2 - 417*f + 112. Determine r(35).
217
Let f(k) = 528*k**3 + 3*k**2 - 506*k - 509. Determine f(-1).
-528
Let z(u) = -9367*u + 109984. Determine z(12).
-2420
Let b(w) = -640711*w - 1. Determine b(0).
-1
Let r(s) = -35233*s + 140954. What is r(4)?
22
Let r(t) = -5*t**3 + 11*t**2 - 7*t + 68. Calculate r(6).
-658
Let u(f) = 10745*f - 53741. What is u(5)?
-16
Let v(q) = -q**3 + 5*q**2 + 43*q + 868. Give v(14).
-294
Let s(g) = -70594*g - 211792. Give s(-3).
-10
Let r(z) = 14*z**3 - 7*z**2 + z + 28. Determine r(-5).
-1902
Let b(u) = u**2 - 172*u + 7066. Calculate b(101).
-105
Let n(h) = 34928*h - 139443. What is n(4)?
269
Let s(m) = m**3 - 146*m**2 + 454*m - 88360. Determine s(147).
-13
Let b(u) = 577*u - 214301. Calculate b(371).
-234
Let l(v) = -3*v**2 + 2266*v - 398304. Determine l(477).
-9
Let o(g) = -g**3 - 293*g**2 - 2248*g + 7. Determine o(-8).
-249
Let s(c) = 7139*c + 50011. Determine s(-7).
38
Let q(l) = 267361*l - 1871523. What is q(7)?
4
Let q(z) = 348*z**2 + 18*z + 29. Give q(-2).
1385
Let t(w) = 5*w**3 + 308*w**2 - 123*w + 94. Calculate t(-62).
32
Let u(w) = -w**3 - 48*w**2 + 661*w - 727. Give u(-59).
-1435
Let d(r) = 26394*r - 422286. Determine d(16).
18
Let a(u) = 3*u**3 - 1156*u**2 + 373*u + 4624. What is a(385)?
4
Let q(f) = f**3 - 14*f**2 - 20*f - 3322. Determine q(0).
-3322
Let i(h) = -255*h + 9693. Give i(40).
-507
Let f(z) = 3*z**3 + 100*z**2 + 420*z + 1256. Give f(-29).
9
Let u(q) = 16*q**3 + 15*q**2 - q - 2. Determine u(2).
184
Let h(z) = 3*z**3 + 180*z**2 - 769*z + 110. What is h(-64)?
174
Let b(p) = -5412*p - 11087. What is b(-2)?
-263
Let w(h) = h**3 + 20*h**2 - 1980*h - 27849. Determine w(-14).
1047
Let z(j) = 11*j**3 - 25*j**2 - 602*j + 1209. Determine z(2).
-7
Let l(i) = -67786*i + 4880597. Calculate l(72).
5
Let r(o) = 7*o**3 + 11*o**2 - 109*o + 638. Determine r(6).
1892
Let k(d) = -75*d**2 + 309*d + 38. Calculate k(6).
-808
Let s(y) = y**3 - 28*y**2 + 104*y - 6132. Determine s(31).
-25
Let g(b) = -2*b**3 - 40*b**2 + b + 436. Give g(-21).
1297
Let c(z) = z**3 - 23*z**2 + 21*z - 361. Calculate c(26).
2213
Let v(y) = -114*y + 2538. Calculate v(22).
30
Let d(o) = -971076*o - 8739678. What is d(-9)?
6
Let x(y) = 22901*y + 320300. Determine x(-14).
-314
Let y(z) = 264613*z - 529018. What is y(2)?
208
Let h(m) = -583*m + 112521. Give h(193).
2
Let n(b) = 7558*b + 2017990. Give n(-267).
4
Let h(o) = 27*o**2 + 1172*o + 6030. Determine h(-6).
-30
Let g(p) = 8092369*p - 48554222. Determine g(6).
-8
Let s(j) = -50759*j - 456865. What is s(-9)?
-34
Let k(p) = 6337*p - 792125. What is k(125)?
0
Let d(q) = 2*q**2 + 40668*q + 203313. Calculate d(-5).
23
Let c(i) = -252087*i - 1512522. Give c(-6).
0
Let m(i) = -3241*i + 946375. Determine m(292).
3
Let z(p) = -3*p**3 + 32*p**2 - 358*p + 4010. Determine z(11).
-49
Let c(v) = -63*v**3 + 248*v**2 - 17*v + 49. Give c(4).
-83
Let z(q) = 5763*q - 172896. Give z(30).
-6
Let k(l) = 1735*l - 57510. Determine k(33).
-255
Let g(v) = v**3 + 47*v**2 + 547*v - 87. Give g(-21).
-108
Let y(w) = 21008*w**2 + 42038*w + 27. What is y(-2)?
-17
Let t(c) = -24140*c - 48327. Give t(-2).
-47
Let b(j) = -j**3 - 28*j**2 + 301*j + 5549. Determine b(-32).
13
Let p(b) = -253*b**2 - 755*b - 1. Calculate p(-3).
-13
Let g(u) = 2*u**2 + 12098*u - 84705. Determine g(7).
79
Let v(q) = -q**3 - 82*q**2 - 461*q - 17693. What is v(-79)?
3
Let b(v) = -7361*v - 890674. What is b(-121)?
7
Let v(b) = 36*b**3 - 7*b**2 - 184*b + 815. Calculate v(5).
4220
Let t(m) = -500*m + 13988. Give t(28).
-12
Let t(a) = a**2 + 44*a - 21947. What is t(114)?
-3935
Let v(a) = -a**2 - 634*a + 15644. Give v(24).
-148
Let k(x) = 137*x + 11609. Determine k(-83).
238
Let l(q) = q**3 + 4*q**2 - 18*q - 56. Determine l(-3).
7
Let m(r) = -r**3 + 12*r**2 + 139*r - 87. Determine m(-8).
81
Let m(x) = -x**3 + 50*x**2 - 57*x + 224. Determine m(49).
-168
Let g(r) = -r**3 - 103*r**2 - 2098*r + 391. Determine g(-75).
241
Let c(f) = 22771*f - 135686. Determine c(6).
940
Let i(q) = -184*q**2 + 1815*q + 49. What is i(9)?
1480
Let x(z) = 18*z**2 + 727*z + 330. Give x(-40).
50
Let p(h) = 197*h - 3584. Give p(19).
159
Let z(g) = g**3 - 59*g**2 - 97*g + 1583. Calculate z(60).
-637
Let s(x) = 394*x - 57776. Determine s(144).
-1040
Let a(m) = 2*m**3 + 166*m**2 + 476*m + 25555. Give a(-82).
-29
Let z(m) = -94410*m - 94572. Give z(-1).
-162
Let o(l) = l**3 + 146*l**2 - 5701*l + 259. Calculate o(32).
99
Let n(q) = -5857*q + 1089425. Calculate n(186).
23
Let u(h) = -h**2 + 4637*h - 229324. What is u(50)?
26
Let t(a) = -417*a - 47413. Calculate t(-115).
542
Let x(c) = c**3 + 69*c**2 + 523*c - 31. Calculate x(-9).
122
Let v(d) = -23*d**3 - 547*d**2 + 72*d - 62. Calculate v(-24).
1090
Let w(v) = -282*v**2 + 6580*v + 4507. Give w(24).
-5
Let y(p) = -12*p**2 + 5250*p + 354866. Determine y(497).
8
Let u(c) = -19*c - 3761. Determine u(-154).
-835
Let v(g) = 33*g**2 - 2368*g - 30820. Calculate v(83).
-27
Let x(c) = -c**3 + 17*c**2 + 47*c - 251. Calculate x(6).
427
Let x(t) = 664370*t - 664345. Determine x(1).
25
Let v(a) = 3*a**2 - 879*a + 57678. Give v(99).
60
Let j(d) = -d**2 - 903*d + 259229. Determine j(229).
1
Let k(d) = 6*d**2 + 539*d + 1322. What is k(-87)?
-157
Let b(a) = -a**3 - 71*a**2 - 1197*a + 1912. Calculate b(-37).
-345
Let d(r) = -r**3 - 49*r**2 + 94*r + 10772. What is d(-46)?
100
Let l(k) = -k**2 - 106*k + 94021. Determine l(258).
109
Let r(g) = g**2 - 2024*g - 70166. Give r(-34).
-194
Let y(j) = j**2 - 3094*j + 491633. Give y(168).
65
Let g(x) = x**3 - 37*x**2 + 180*x + 6. What is g(6)?
-30
Let b(d) = 9*d**2 + 31*d + 60. Calculate b(-3).
48
Let x(i) = 253*i - 8244. Give x(16).
-4196
Let y(l) = -143*l**2 + 1372*l + 2757. Determine y(-2).
-559
Let u(h) = 5*h**2 - 212*h + 3202. Calculate u(42).
3118
Let j(p) = -46*p - 973. Determine j(-22).
39
Let i(b) = -2*b**2 - 791*b + 2355. Give i(3).
-36
Let q(f) = -9236*f - 18465. Give q(-2).
7
Let g(l) = -34*l - 728. Give g(-45).
802
Let t(b) = b**3 + 19*b**2 - 30*b - 595. Determine t(-19).
-25
Let q(t) = -46*t**2 + 365*t - 293. What is q(7)?
8
Let c(x) = 4*x**2 + 459*x + 13128. Calculate c(-54).
6
Let z(a) = 94*a**3 + 47*a**2 + 71*a - 30. Determine z(-2).
-73